{"id":2,"date":"2011-01-03T14:57:22","date_gmt":"2011-01-03T14:57:22","guid":{"rendered":"http:\/\/www.solvere.de\/?page_id=2"},"modified":"2021-09-09T16:18:13","modified_gmt":"2021-09-09T16:18:13","slug":"eine-seite","status":"publish","type":"page","link":"http:\/\/www.solvere.de\/?page_id=2","title":{"rendered":"Unser Fluggebiet"},"content":{"rendered":"<p>Unser Fluggebiet ist der Nordschwarzwald bis zum Kandel und die Vogesen.<br \/>\nVon Norden in Richtung S\u00fcden:<\/p>\n<p><strong>Ohmerskopf<\/strong> bei B\u00fchl-B\u00fchlertal. Gut zu erreichen, Startplatz liegt direkt neben der Stra\u00dfe zum Unterstmatt. Sch\u00f6nes Fluggebiet. Landeplatz in Lauf.<\/p>\n<p><strong>Sodkopf<\/strong> bei Lauf. Auch sehr gutes Fluggebiet doch leider nur mit einem Vereinsmitglied per Vereinsbus zu erreichen.<\/p>\n<p><strong>Katzenkopf<\/strong> Hornisgrinde. H\u00f6chster Startplatz im Nordschwarzwald, Super Aussicht, ca. 20min. Fussmarsch, lohnt sich aber.<\/p>\n<p><strong>Schlossberg<\/strong> Sasbachwalden. Startplatz meines Clubs &#8222;Borkies Sasbachwalden&#8220; Nicht ganz einfach, daf\u00fcr nie \u00fcberlaufen. Ca. 15 min. zu Fuss. An Wochenenden l\u00e4sst sich aber ein Fahrdienst einrichten.<\/p>\n<p><strong>Zuflucht<\/strong> Oppenau. Gut besuchtes Gel\u00e4nde, etwas Thermik sollte aber vorhanden sein, sonst stehen wir nach 5 min. am Boden. Da geht aber fast immer was.<\/p>\n<p><strong>Sch\u00e4fersfeld<\/strong> Oppenau. Tolles Gl\u00e4nde bei Ost und NO-Wind. Nord-Ost Startplatz ist in 10 min zu Fuss erreichbar.<\/p>\n<p><strong>Kandel <\/strong><del>Waldkirch. Gr\u00f6\u00dfte H\u00f6hendifferenz aller Fluggebiete der Gegend. Die\u00a0 Stunde Fahrzeit von Appenweier aus lohnt sich aber. Passagiere m\u00fcssen auch eine G\u00e4stekarte f\u00fcr 5.- \u20ac vom Verein kaufen. <\/del>zur Zeit keine Tandemfl\u00fcge vom Kandel.<\/p>\n<p><strong>Vogesen<\/strong>. Treh, Gustiberg, Drumont, Ballon d\u00b4Alsace. Die Wiege des Gleitschirmfliegens in unserer Gegend. Wer den Weg auf sich nimmt und gen\u00fcgend Zeit mitbringt den erwarten sicher tolle Fl\u00fcge. Ich bin zwischen 3 und 4 Wochen im Jahr dort. Camping direkt am Landeplatz Gustiberg in Urbes m\u00f6glich , Camping Schlossberg in Kruth, oder Campingplatz Aerotec in Fellering, direkt am Ladeplatz Le Treh.<\/p>\n<p>Dieser Link bringt euch zur DHV Gel\u00e4ndedatenbank. Wenn wir uns zu einem Flug<br \/>\nverabreden, k\u00f6nnt ihr hier genau nachschauen wo der Start und Landplatz ist<br \/>\nund wie ihr ihn erreichen k\u00f6nnt. <a href=\"https:\/\/www.dhv.de\/db3\/gelaende\/\" target=\"_blank\" rel=\"noopener\">DHV Gel\u00e4ndedatenbank<\/a><\/p>\n","protected":false},"excerpt":{"rendered":"<p>Unser Fluggebiet ist der Nordschwarzwald bis zum Kandel und die Vogesen. Von Norden in Richtung S\u00fcden: Ohmerskopf bei B\u00fchl-B\u00fchlertal. Gut zu erreichen, Startplatz liegt direkt neben der Stra\u00dfe zum Unterstmatt. Sch\u00f6nes Fluggebiet. Landeplatz in Lauf. Sodkopf bei Lauf. Auch sehr &hellip; <a href=\"http:\/\/www.solvere.de\/?page_id=2\">Weiterlesen <span class=\"meta-nav\">&rarr;<\/span><\/a><\/p>\n","protected":false},"author":1,"featured_media":0,"parent":0,"menu_order":0,"comment_status":"closed","ping_status":"closed","template":"","meta":[],"_links":{"self":[{"href":"http:\/\/www.solvere.de\/index.php?rest_route=\/wp\/v2\/pages\/2"}],"collection":[{"href":"http:\/\/www.solvere.de\/index.php?rest_route=\/wp\/v2\/pages"}],"about":[{"href":"http:\/\/www.solvere.de\/index.php?rest_route=\/wp\/v2\/types\/page"}],"author":[{"embeddable":true,"href":"http:\/\/www.solvere.de\/index.php?rest_route=\/wp\/v2\/users\/1"}],"replies":[{"embeddable":true,"href":"http:\/\/www.solvere.de\/index.php?rest_route=%2Fwp%2Fv2%2Fcomments&post=2"}],"version-history":[{"count":25,"href":"http:\/\/www.solvere.de\/index.php?rest_route=\/wp\/v2\/pages\/2\/revisions"}],"predecessor-version":[{"id":355,"href":"http:\/\/www.solvere.de\/index.php?rest_route=\/wp\/v2\/pages\/2\/revisions\/355"}],"wp:attachment":[{"href":"http:\/\/www.solvere.de\/index.php?rest_route=%2Fwp%2Fv2%2Fmedia&parent=2"}],"curies":[{"name":"wp","href":"https:\/\/api.w.org\/{rel}","templated":true}]}}